{"version":"1.0","provider_name":"Gustavo Molina","provider_url":"https:\/\/gustavomolina.com","author_name":"Accesorios Gustavo Molina","author_url":"https:\/\/gustavomolina.com\/blogs\/author\/accesorios\/","title":"Portabicicletas ProRide","type":"rich","width":600,"height":338,"html":"<blockquote class=\"wp-embedded-content\" data-secret=\"hDRjaLkoZg\"><a href=\"https:\/\/gustavomolina.com\/producto\/accesorios\/thule\/portabicicletas-thule-t2-pro\/\">Portabicicletas ProRide<\/a><\/blockquote><iframe sandbox=\"allow-scripts\" security=\"restricted\" src=\"https:\/\/gustavomolina.com\/producto\/accesorios\/thule\/portabicicletas-thule-t2-pro\/embed\/#?secret=hDRjaLkoZg\" width=\"600\" height=\"338\" title=\"\u00abPortabicicletas ProRide\u00bb \u2014 Gustavo Molina\" data-secret=\"hDRjaLkoZg\" frameborder=\"0\" marginwidth=\"0\" marginheight=\"0\" scrolling=\"no\" class=\"wp-embedded-content\"><\/iframe><script type=\"text\/javascript\">\n\/* <![CDATA[ *\/\n\/*! This file is auto-generated *\/\n!function(d,l){\"use strict\";l.querySelector&&d.addEventListener&&\"undefined\"!=typeof URL&&(d.wp=d.wp||{},d.wp.receiveEmbedMessage||(d.wp.receiveEmbedMessage=function(e){var t=e.data;if((t||t.secret||t.message||t.value)&&!\/[^a-zA-Z0-9]\/.test(t.secret)){for(var s,r,n,a=l.querySelectorAll('iframe[data-secret=\"'+t.secret+'\"]'),o=l.querySelectorAll('blockquote[data-secret=\"'+t.secret+'\"]'),c=new RegExp(\"^https?:$\",\"i\"),i=0;i<o.length;i++)o[i].style.display=\"none\";for(i=0;i<a.length;i++)s=a[i],e.source===s.contentWindow&&(s.removeAttribute(\"style\"),\"height\"===t.message?(1e3<(r=parseInt(t.value,10))?r=1e3:~~r<200&&(r=200),s.height=r):\"link\"===t.message&&(r=new URL(s.getAttribute(\"src\")),n=new URL(t.value),c.test(n.protocol))&&n.host===r.host&&l.activeElement===s&&(d.top.location.href=t.value))}},d.addEventListener(\"message\",d.wp.receiveEmbedMessage,!1),l.addEventListener(\"DOMContentLoaded\",function(){for(var e,t,s=l.querySelectorAll(\"iframe.wp-embedded-content\"),r=0;r<s.length;r++)(t=(e=s[r]).getAttribute(\"data-secret\"))||(t=Math.random().toString(36).substring(2,12),e.src+=\"#?secret=\"+t,e.setAttribute(\"data-secret\",t)),e.contentWindow.postMessage({message:\"ready\",secret:t},\"*\")},!1)))}(window,document);\n\/\/# sourceURL=https:\/\/gustavomolina.com\/wp\/wp-includes\/js\/wp-embed.min.js\n\/* ]]> *\/\n<\/script>\n","thumbnail_url":"https:\/\/gustavomolina.com\/app\/uploads\/2021\/11\/prorider.jpg","thumbnail_width":1280,"thumbnail_height":960,"description":"Portabicicletas para techo en negro\/aluminio   Posiciona la bicicleta autom\u00e1ticamente cuando la fijas, gracias a la abrazadera de cuadro y bandeja para ruedas de dise\u00f1o exclusivo  Las bicicletas se aseguran de forma f\u00e1cil y r\u00e1pida, ya que la perilla del limitador de par controla la fuerza que se ejerce sobre el cuadro de la bicicleta y da una se\u00f1al clara de cuando el montaje es correcto  La presi\u00f3n se distribuye mediante las almohadillas de las pinzas suaves y amplias, que se adaptan a los tubos del cuadro de la bicicleta, lo que minimiza el riesgo de que este se da\u00f1e  Se monta de forma segura, ya que la mordaza inferior extendida de las pinzas evita que la bicicleta se caiga  Ruedas estables y fijadas firmemente en soportes para ruedas de dise\u00f1o inteligente y con correas diagonales para ruedas de liberaci\u00f3n r\u00e1pida  DISPONIBLE"}

Portabicicletas para techo en negro/aluminio   Posiciona la bicicleta automáticamente cuando la fijas, gracias a la abrazadera de cuadro y bandeja para ruedas de diseño exclusivo  Las bicicletas se aseguran de forma fácil y rápida, ya que la perilla del limitador de par controla la fuerza que se ejerce sobre el cuadro de la bicicleta y da una señal clara de cuando el montaje es correcto  La presión se distribuye mediante las almohadillas de las pinzas suaves y amplias, que se adaptan a los tubos del cuadro de la bicicleta, lo que minimiza el riesgo de que este se dañe  Se monta de forma segura, ya que la mordaza inferior extendida de las pinzas evita que la bicicleta se caiga  Ruedas estables y fijadas firmemente en soportes para ruedas de diseño inteligente y con correas diagonales para ruedas de liberación rápida  DISPONIBLE
