{"id":24275,"date":"2021-11-26T15:40:24","date_gmt":"2021-11-26T21:40:24","guid":{"rendered":"https:\/\/gustavomolina.com\/?post_type=product&#038;p=24275"},"modified":"2021-11-26T15:52:09","modified_gmt":"2021-11-26T21:52:09","slug":"portabicicletas-thule-t2-pro","status":"publish","type":"product","link":"https:\/\/gustavomolina.com\/producto\/accesorios\/thule\/portabicicletas-thule-t2-pro\/","title":{"rendered":"Portabicicletas ProRide"},"content":{"rendered":"","protected":false},"excerpt":{"rendered":"<p>Portabicicletas para techo en negro\/aluminio<\/p>\n<ul>\n<li><span data-original=\"Posiciona la bicicleta autom\u00e1ticamente cuando la fijas, gracias a la abrazadera de cuadro y bandeja para ruedas de dise\u00f1o exclusivo\" data-withplaceholders=\"\">Posiciona la bicicleta autom\u00e1ticamente cuando la fijas, gracias a la abrazadera de cuadro y bandeja para ruedas de dise\u00f1o exclusivo<\/span><\/li>\n<li><span data-original=\"Las bicicletas se aseguran de forma f\u00e1cil y r\u00e1pida, ya que la perilla del limitador de par controla la fuerza que se ejerce sobre el cuadro de la bicicleta y da una se\u00f1al clara de cuando el montaje es correcto\" data-withplaceholders=\"\">Las bicicletas se aseguran de forma f\u00e1cil y r\u00e1pida, ya que la perilla del limitador de par controla la fuerza que se ejerce sobre el cuadro de la bicicleta y da una se\u00f1al clara de cuando el montaje es correcto<\/span><\/li>\n<li><span data-original=\"La presi\u00f3n se distribuye mediante las almohadillas de las pinzas suaves y amplias, que se adaptan a los tubos del cuadro de la bicicleta, lo que minimiza el riesgo de que este se da\u00f1e\" data-withplaceholders=\"\">La presi\u00f3n se distribuye mediante las almohadillas de las pinzas suaves y amplias, que se adaptan a los tubos del cuadro de la bicicleta, lo que minimiza el riesgo de que este se da\u00f1e<\/span><\/li>\n<li><span data-original=\"Se monta de forma segura, ya que la mordaza inferior extendida de las pinzas evita que la bicicleta se caiga\" data-withplaceholders=\"\">Se monta de forma segura, ya que la mordaza inferior extendida de las pinzas evita que la bicicleta se caiga<\/span><\/li>\n<li><span data-original=\"Ruedas estables y fijadas firmemente en soportes para ruedas de dise\u00f1o inteligente y con correas diagonales para ruedas de liberaci\u00f3n r\u00e1pida\" data-withplaceholders=\"\">Ruedas estables y fijadas firmemente en soportes para ruedas de dise\u00f1o inteligente y con correas diagonales para ruedas de liberaci\u00f3n r\u00e1pida<\/span><\/li>\n<\/ul>\n<p><span style=\"color: #339966;\">DISPONIBLE<\/span><\/p>\n","protected":false},"featured_media":24281,"template":"","meta":{"_acf_changed":false,"inline_featured_image":false},"product_brand":[],"product_cat":[1506,8465],"product_tag":[],"class_list":{"0":"post-24275","1":"product","2":"type-product","3":"status-publish","4":"has-post-thumbnail","6":"product_cat-accesorios","7":"product_cat-thule","9":"first","10":"instock","11":"shipping-taxable","12":"product-type-simple"},"acf":[],"yoast_head":"<!-- This site is optimized with the Yoast SEO Premium plugin v25.0 (Yoast SEO v27.4) - https:\/\/yoast.com\/product\/yoast-seo-premium-wordpress\/ -->\n<title>Portabicicletas ProRide - Gustavo Molina<\/title>\n<meta name=\"robots\" content=\"index, follow, max-snippet:-1, max-image-preview:large, max-video-preview:-1\" \/>\n<link rel=\"canonical\" href=\"https:\/\/gustavomolina.com\/producto\/accesorios\/thule\/portabicicletas-thule-t2-pro\/\" \/>\n<meta property=\"og:locale\" content=\"es_ES\" \/>\n<meta property=\"og:type\" content=\"article\" \/>\n<meta property=\"og:title\" content=\"Portabicicletas ProRide\" \/>\n<meta property=\"og:description\" content=\"Portabicicletas para techo en negro\/aluminio   Posiciona la bicicleta autom\u00e1ticamente cuando la fijas, gracias a la abrazadera de cuadro y bandeja para ruedas de dise\u00f1o exclusivo  Las bicicletas se aseguran de forma f\u00e1cil y r\u00e1pida, ya que la perilla del limitador de par controla la fuerza que se ejerce sobre el cuadro de la bicicleta y da una se\u00f1al clara de cuando el montaje es correcto  La presi\u00f3n se distribuye mediante las almohadillas de las pinzas suaves y amplias, que se adaptan a los tubos del cuadro de la bicicleta, lo que minimiza el riesgo de que este se da\u00f1e  Se monta de forma segura, ya que la mordaza inferior extendida de las pinzas evita que la bicicleta se caiga  Ruedas estables y fijadas firmemente en soportes para ruedas de dise\u00f1o inteligente y con correas diagonales para ruedas de liberaci\u00f3n r\u00e1pida  DISPONIBLE\" \/>\n<meta property=\"og:url\" content=\"https:\/\/gustavomolina.com\/producto\/accesorios\/thule\/portabicicletas-thule-t2-pro\/\" \/>\n<meta property=\"og:site_name\" content=\"Gustavo Molina\" \/>\n<meta property=\"article:publisher\" content=\"https:\/\/facebook.com\/GustavoMolinayCia\/\" \/>\n<meta property=\"article:modified_time\" content=\"2021-11-26T21:52:09+00:00\" \/>\n<meta property=\"og:image\" content=\"https:\/\/gustavomolina.com\/app\/uploads\/2021\/11\/prorider.jpg\" \/>\n\t<meta property=\"og:image:width\" content=\"1280\" \/>\n\t<meta property=\"og:image:height\" content=\"960\" \/>\n\t<meta property=\"og:image:type\" content=\"image\/jpeg\" \/>\n<meta name=\"twitter:card\" content=\"summary_large_image\" \/>\n<script type=\"application\/ld+json\" class=\"yoast-schema-graph\">{\"@context\":\"https:\\\/\\\/schema.org\",\"@graph\":[{\"@type\":\"WebPage\",\"@id\":\"https:\\\/\\\/gustavomolina.com\\\/producto\\\/accesorios\\\/thule\\\/portabicicletas-thule-t2-pro\\\/\",\"url\":\"https:\\\/\\\/gustavomolina.com\\\/producto\\\/accesorios\\\/thule\\\/portabicicletas-thule-t2-pro\\\/\",\"name\":\"Portabicicletas ProRide - Gustavo Molina\",\"isPartOf\":{\"@id\":\"https:\\\/\\\/gustavomolina.com\\\/#website\"},\"primaryImageOfPage\":{\"@id\":\"https:\\\/\\\/gustavomolina.com\\\/producto\\\/accesorios\\\/thule\\\/portabicicletas-thule-t2-pro\\\/#primaryimage\"},\"image\":{\"@id\":\"https:\\\/\\\/gustavomolina.com\\\/producto\\\/accesorios\\\/thule\\\/portabicicletas-thule-t2-pro\\\/#primaryimage\"},\"thumbnailUrl\":\"https:\\\/\\\/gustavomolina.com\\\/app\\\/uploads\\\/2021\\\/11\\\/prorider.jpg\",\"datePublished\":\"2021-11-26T21:40:24+00:00\",\"dateModified\":\"2021-11-26T21:52:09+00:00\",\"breadcrumb\":{\"@id\":\"https:\\\/\\\/gustavomolina.com\\\/producto\\\/accesorios\\\/thule\\\/portabicicletas-thule-t2-pro\\\/#breadcrumb\"},\"inLanguage\":\"es\",\"potentialAction\":[{\"@type\":\"ReadAction\",\"target\":[\"https:\\\/\\\/gustavomolina.com\\\/producto\\\/accesorios\\\/thule\\\/portabicicletas-thule-t2-pro\\\/\"]}]},{\"@type\":\"ImageObject\",\"inLanguage\":\"es\",\"@id\":\"https:\\\/\\\/gustavomolina.com\\\/producto\\\/accesorios\\\/thule\\\/portabicicletas-thule-t2-pro\\\/#primaryimage\",\"url\":\"https:\\\/\\\/gustavomolina.com\\\/app\\\/uploads\\\/2021\\\/11\\\/prorider.jpg\",\"contentUrl\":\"https:\\\/\\\/gustavomolina.com\\\/app\\\/uploads\\\/2021\\\/11\\\/prorider.jpg\",\"width\":1280,\"height\":960},{\"@type\":\"BreadcrumbList\",\"@id\":\"https:\\\/\\\/gustavomolina.com\\\/producto\\\/accesorios\\\/thule\\\/portabicicletas-thule-t2-pro\\\/#breadcrumb\",\"itemListElement\":[{\"@type\":\"ListItem\",\"position\":1,\"name\":\"Home\",\"item\":\"https:\\\/\\\/gustavomolina.com\\\/\"},{\"@type\":\"ListItem\",\"position\":2,\"name\":\"Accesorios\",\"item\":\"https:\\\/\\\/gustavomolina.com\\\/accesorios\\\/\"},{\"@type\":\"ListItem\",\"position\":3,\"name\":\"Portabicicletas ProRide\"}]},{\"@type\":\"WebSite\",\"@id\":\"https:\\\/\\\/gustavomolina.com\\\/#website\",\"url\":\"https:\\\/\\\/gustavomolina.com\\\/\",\"name\":\"Gustavo Molina\",\"description\":\"\",\"potentialAction\":[{\"@type\":\"SearchAction\",\"target\":{\"@type\":\"EntryPoint\",\"urlTemplate\":\"https:\\\/\\\/gustavomolina.com\\\/?s={search_term_string}\"},\"query-input\":{\"@type\":\"PropertyValueSpecification\",\"valueRequired\":true,\"valueName\":\"search_term_string\"}}],\"inLanguage\":\"es\"}]}<\/script>\n<!-- \/ Yoast SEO Premium plugin. -->","yoast_head_json":{"title":"Portabicicletas ProRide - Gustavo Molina","robots":{"index":"index","follow":"follow","max-snippet":"max-snippet:-1","max-image-preview":"max-image-preview:large","max-video-preview":"max-video-preview:-1"},"canonical":"https:\/\/gustavomolina.com\/producto\/accesorios\/thule\/portabicicletas-thule-t2-pro\/","og_locale":"es_ES","og_type":"article","og_title":"Portabicicletas ProRide","og_description":"Portabicicletas para techo en negro\/aluminio   Posiciona la bicicleta autom\u00e1ticamente cuando la fijas, gracias a la abrazadera de cuadro y bandeja para ruedas de dise\u00f1o exclusivo  Las bicicletas se aseguran de forma f\u00e1cil y r\u00e1pida, ya que la perilla del limitador de par controla la fuerza que se ejerce sobre el cuadro de la bicicleta y da una se\u00f1al clara de cuando el montaje es correcto  La presi\u00f3n se distribuye mediante las almohadillas de las pinzas suaves y amplias, que se adaptan a los tubos del cuadro de la bicicleta, lo que minimiza el riesgo de que este se da\u00f1e  Se monta de forma segura, ya que la mordaza inferior extendida de las pinzas evita que la bicicleta se caiga  Ruedas estables y fijadas firmemente en soportes para ruedas de dise\u00f1o inteligente y con correas diagonales para ruedas de liberaci\u00f3n r\u00e1pida  DISPONIBLE","og_url":"https:\/\/gustavomolina.com\/producto\/accesorios\/thule\/portabicicletas-thule-t2-pro\/","og_site_name":"Gustavo Molina","article_publisher":"https:\/\/facebook.com\/GustavoMolinayCia\/","article_modified_time":"2021-11-26T21:52:09+00:00","og_image":[{"width":1280,"height":960,"url":"https:\/\/gustavomolina.com\/app\/uploads\/2021\/11\/prorider.jpg","type":"image\/jpeg"}],"twitter_card":"summary_large_image","schema":{"@context":"https:\/\/schema.org","@graph":[{"@type":"WebPage","@id":"https:\/\/gustavomolina.com\/producto\/accesorios\/thule\/portabicicletas-thule-t2-pro\/","url":"https:\/\/gustavomolina.com\/producto\/accesorios\/thule\/portabicicletas-thule-t2-pro\/","name":"Portabicicletas ProRide - Gustavo Molina","isPartOf":{"@id":"https:\/\/gustavomolina.com\/#website"},"primaryImageOfPage":{"@id":"https:\/\/gustavomolina.com\/producto\/accesorios\/thule\/portabicicletas-thule-t2-pro\/#primaryimage"},"image":{"@id":"https:\/\/gustavomolina.com\/producto\/accesorios\/thule\/portabicicletas-thule-t2-pro\/#primaryimage"},"thumbnailUrl":"https:\/\/gustavomolina.com\/app\/uploads\/2021\/11\/prorider.jpg","datePublished":"2021-11-26T21:40:24+00:00","dateModified":"2021-11-26T21:52:09+00:00","breadcrumb":{"@id":"https:\/\/gustavomolina.com\/producto\/accesorios\/thule\/portabicicletas-thule-t2-pro\/#breadcrumb"},"inLanguage":"es","potentialAction":[{"@type":"ReadAction","target":["https:\/\/gustavomolina.com\/producto\/accesorios\/thule\/portabicicletas-thule-t2-pro\/"]}]},{"@type":"ImageObject","inLanguage":"es","@id":"https:\/\/gustavomolina.com\/producto\/accesorios\/thule\/portabicicletas-thule-t2-pro\/#primaryimage","url":"https:\/\/gustavomolina.com\/app\/uploads\/2021\/11\/prorider.jpg","contentUrl":"https:\/\/gustavomolina.com\/app\/uploads\/2021\/11\/prorider.jpg","width":1280,"height":960},{"@type":"BreadcrumbList","@id":"https:\/\/gustavomolina.com\/producto\/accesorios\/thule\/portabicicletas-thule-t2-pro\/#breadcrumb","itemListElement":[{"@type":"ListItem","position":1,"name":"Home","item":"https:\/\/gustavomolina.com\/"},{"@type":"ListItem","position":2,"name":"Accesorios","item":"https:\/\/gustavomolina.com\/accesorios\/"},{"@type":"ListItem","position":3,"name":"Portabicicletas ProRide"}]},{"@type":"WebSite","@id":"https:\/\/gustavomolina.com\/#website","url":"https:\/\/gustavomolina.com\/","name":"Gustavo Molina","description":"","potentialAction":[{"@type":"SearchAction","target":{"@type":"EntryPoint","urlTemplate":"https:\/\/gustavomolina.com\/?s={search_term_string}"},"query-input":{"@type":"PropertyValueSpecification","valueRequired":true,"valueName":"search_term_string"}}],"inLanguage":"es"}]}},"_links":{"self":[{"href":"https:\/\/gustavomolina.com\/api\/wp\/v2\/product\/24275","targetHints":{"allow":["GET"]}}],"collection":[{"href":"https:\/\/gustavomolina.com\/api\/wp\/v2\/product"}],"about":[{"href":"https:\/\/gustavomolina.com\/api\/wp\/v2\/types\/product"}],"wp:featuredmedia":[{"embeddable":true,"href":"https:\/\/gustavomolina.com\/api\/wp\/v2\/media\/24281"}],"wp:attachment":[{"href":"https:\/\/gustavomolina.com\/api\/wp\/v2\/media?parent=24275"}],"wp:term":[{"taxonomy":"product_brand","embeddable":true,"href":"https:\/\/gustavomolina.com\/api\/wp\/v2\/product_brand?post=24275"},{"taxonomy":"product_cat","embeddable":true,"href":"https:\/\/gustavomolina.com\/api\/wp\/v2\/product_cat?post=24275"},{"taxonomy":"product_tag","embeddable":true,"href":"https:\/\/gustavomolina.com\/api\/wp\/v2\/product_tag?post=24275"}],"curies":[{"name":"wp","href":"https:\/\/api.w.org\/{rel}","templated":true}]}}

<p>Portabicicletas para techo en negro/aluminio</p>
<ul>
<li><span data-original="Posiciona la bicicleta automáticamente cuando la fijas, gracias a la abrazadera de cuadro y bandeja para ruedas de diseño exclusivo" data-withplaceholders="">Posiciona la bicicleta automáticamente cuando la fijas, gracias a la abrazadera de cuadro y bandeja para ruedas de diseño exclusivo</span></li>
<li><span data-original="Las bicicletas se aseguran de forma fácil y rápida, ya que la perilla del limitador de par controla la fuerza que se ejerce sobre el cuadro de la bicicleta y da una señal clara de cuando el montaje es correcto" data-withplaceholders="">Las bicicletas se aseguran de forma fácil y rápida, ya que la perilla del limitador de par controla la fuerza que se ejerce sobre el cuadro de la bicicleta y da una señal clara de cuando el montaje es correcto</span></li>
<li><span data-original="La presión se distribuye mediante las almohadillas de las pinzas suaves y amplias, que se adaptan a los tubos del cuadro de la bicicleta, lo que minimiza el riesgo de que este se dañe" data-withplaceholders="">La presión se distribuye mediante las almohadillas de las pinzas suaves y amplias, que se adaptan a los tubos del cuadro de la bicicleta, lo que minimiza el riesgo de que este se dañe</span></li>
<li><span data-original="Se monta de forma segura, ya que la mordaza inferior extendida de las pinzas evita que la bicicleta se caiga" data-withplaceholders="">Se monta de forma segura, ya que la mordaza inferior extendida de las pinzas evita que la bicicleta se caiga</span></li>
<li><span data-original="Ruedas estables y fijadas firmemente en soportes para ruedas de diseño inteligente y con correas diagonales para ruedas de liberación rápida" data-withplaceholders="">Ruedas estables y fijadas firmemente en soportes para ruedas de diseño inteligente y con correas diagonales para ruedas de liberación rápida</span></li>
</ul>
<p><span style="color: #339966;">DISPONIBLE</span></p>

<!-- This site is optimized with the Yoast SEO Premium plugin v25.0 (Yoast SEO v27.4) - https://yoast.com/product/yoast-seo-premium-wordpress/ -->
<title>Portabicicletas ProRide - Gustavo Molina</title>
<meta name="robots" content="index, follow, max-snippet:-1, max-image-preview:large, max-video-preview:-1" />
<link rel="canonical" href="https://gustavomolina.com/producto/accesorios/thule/portabicicletas-thule-t2-pro/" />
<meta property="og:locale" content="es_ES" />
<meta property="og:type" content="article" />
<meta property="og:title" content="Portabicicletas ProRide" />
<meta property="og:description" content="Portabicicletas para techo en negro/aluminio   Posiciona la bicicleta automáticamente cuando la fijas, gracias a la abrazadera de cuadro y bandeja para ruedas de diseño exclusivo  Las bicicletas se aseguran de forma fácil y rápida, ya que la perilla del limitador de par controla la fuerza que se ejerce sobre el cuadro de la bicicleta y da una señal clara de cuando el montaje es correcto  La presión se distribuye mediante las almohadillas de las pinzas suaves y amplias, que se adaptan a los tubos del cuadro de la bicicleta, lo que minimiza el riesgo de que este se dañe  Se monta de forma segura, ya que la mordaza inferior extendida de las pinzas evita que la bicicleta se caiga  Ruedas estables y fijadas firmemente en soportes para ruedas de diseño inteligente y con correas diagonales para ruedas de liberación rápida  DISPONIBLE" />
<meta property="og:url" content="https://gustavomolina.com/producto/accesorios/thule/portabicicletas-thule-t2-pro/" />
<meta property="og:site_name" content="Gustavo Molina" />
<meta property="article:publisher" content="https://facebook.com/GustavoMolinayCia/" />
<meta property="article:modified_time" content="2021-11-26T21:52:09+00:00" />
<meta property="og:image" content="https://gustavomolina.com/app/uploads/2021/11/prorider.jpg" />
	<meta property="og:image:width" content="1280" />
	<meta property="og:image:height" content="960" />
	<meta property="og:image:type" content="image/jpeg" />
<meta name="twitter:card" content="summary_large_image" />
<script type="application/ld+json" class="yoast-schema-graph">{"@context":"https:\/\/schema.org","@graph":[{"@type":"WebPage","@id":"https:\/\/gustavomolina.com\/producto\/accesorios\/thule\/portabicicletas-thule-t2-pro\/","url":"https:\/\/gustavomolina.com\/producto\/accesorios\/thule\/portabicicletas-thule-t2-pro\/","name":"Portabicicletas ProRide - Gustavo Molina","isPartOf":{"@id":"https:\/\/gustavomolina.com\/#website"},"primaryImageOfPage":{"@id":"https:\/\/gustavomolina.com\/producto\/accesorios\/thule\/portabicicletas-thule-t2-pro\/#primaryimage"},"image":{"@id":"https:\/\/gustavomolina.com\/producto\/accesorios\/thule\/portabicicletas-thule-t2-pro\/#primaryimage"},"thumbnailUrl":"https:\/\/gustavomolina.com\/app\/uploads\/2021\/11\/prorider.jpg","datePublished":"2021-11-26T21:40:24+00:00","dateModified":"2021-11-26T21:52:09+00:00","breadcrumb":{"@id":"https:\/\/gustavomolina.com\/producto\/accesorios\/thule\/portabicicletas-thule-t2-pro\/#breadcrumb"},"inLanguage":"es","potentialAction":[{"@type":"ReadAction","target":["https:\/\/gustavomolina.com\/producto\/accesorios\/thule\/portabicicletas-thule-t2-pro\/"]}]},{"@type":"ImageObject","inLanguage":"es","@id":"https:\/\/gustavomolina.com\/producto\/accesorios\/thule\/portabicicletas-thule-t2-pro\/#primaryimage","url":"https:\/\/gustavomolina.com\/app\/uploads\/2021\/11\/prorider.jpg","contentUrl":"https:\/\/gustavomolina.com\/app\/uploads\/2021\/11\/prorider.jpg","width":1280,"height":960},{"@type":"BreadcrumbList","@id":"https:\/\/gustavomolina.com\/producto\/accesorios\/thule\/portabicicletas-thule-t2-pro\/#breadcrumb","itemListElement":[{"@type":"ListItem","position":1,"name":"Home","item":"https:\/\/gustavomolina.com\/"},{"@type":"ListItem","position":2,"name":"Accesorios","item":"https:\/\/gustavomolina.com\/accesorios\/"},{"@type":"ListItem","position":3,"name":"Portabicicletas ProRide"}]},{"@type":"WebSite","@id":"https:\/\/gustavomolina.com\/#website","url":"https:\/\/gustavomolina.com\/","name":"Gustavo Molina","description":"","potentialAction":[{"@type":"SearchAction","target":{"@type":"EntryPoint","urlTemplate":"https:\/\/gustavomolina.com\/?s={search_term_string}"},"query-input":{"@type":"PropertyValueSpecification","valueRequired":true,"valueName":"search_term_string"}}],"inLanguage":"es"}]}</script>
<!-- / Yoast SEO Premium plugin. -->

Portabicicletas para techo en negro/aluminio   Posiciona la bicicleta automáticamente cuando la fijas, gracias a la abrazadera de cuadro y bandeja para ruedas de diseño exclusivo  Las bicicletas se aseguran de forma fácil y rápida, ya que la perilla del limitador de par controla la fuerza que se ejerce sobre el cuadro de la bicicleta y da una señal clara de cuando el montaje es correcto  La presión se distribuye mediante las almohadillas de las pinzas suaves y amplias, que se adaptan a los tubos del cuadro de la bicicleta, lo que minimiza el riesgo de que este se dañe  Se monta de forma segura, ya que la mordaza inferior extendida de las pinzas evita que la bicicleta se caiga  Ruedas estables y fijadas firmemente en soportes para ruedas de diseño inteligente y con correas diagonales para ruedas de liberación rápida  DISPONIBLE
